in base 11?
-154217
Convert 2217781 (base 9) to base 3.
2020121212201
What is -4468 (base 12) in base 14?
-2a88
What is -101000001100000110 (base 2) in base 6?
-3310034
Convert -10100001110011010 (base 2) to base 8.
-241632
-179277 (base 11) to base 12
-11376b
Convert 366265 (base 10) to base 16.
596b9
What is 25410 (base 13) in base 6?
1250300
What is -2663254 (base 7) in base 10?
-351712
Convert -12201211220 (base 3) to base 7.
-650052
What is -101625665 (base 7) in base 13?
-131968a
What is -19bc84 (base 14) in base 9?
-1645732
Convert -283517 (base 9) to base 6.
-3413454
What is b6c055 (base 15) in base 13?
1a56a30
What is -299066 (base 13) in base 5?
-230110432
Convert 62062531 (base 8) to base 10.
13133145
What is 155762 (base 10) in base 11?
a7032
Convert -24614645 (base 7) to base 13.
-5ca881
What is 65562533 (base 7) in base 4?
111132033203
86219 (base 12) to base 3
22222012110
What is 75c6d (base 14) in base 11?
185205
What is c3a1ad (base 14) in base 15?
8a49a0
-100000000010100111011000 (base 2) to base 13
-1981117
346694 (base 11) to base 6
15444432
1a83a7 (base 16) to base 9
3237530
35603 (base 13) to base 9
157888
-20147104 (base 8) to base 13
-b591a8
What is -1010011110101010000 (base 2) in base 13?
-c03a7
10100000000100100000 (base 2) to base 11
408664
What is -509718 (base 12) in base 15?
-19d845
What is 13322030300 (base 4) in base 3?
10220100011022
Convert 69d60 (base 15) to base 16.
524f4
Convert 99269a (base 11) to base 7.
16320122
2012012220100 (base 3) to base 14
224ad1
Convert 4530080 (base 10) to base 15.
5e73a5
305184 (base 11) to base 10
490021
-1b6ba0 (base 12) to base 4
-1313120220
113131312113 (base 4) to base 3
102120112101010
Convert -10411004244 (base 5) to base 12.
-39aa269
245514545 (base 6) to base 14
8ba481
What is 31234112 (base 6) in base 10?
906812
Convert -511ce (base 15) to base 6.
-5301235
2313133302 (base 4) to base 3
1102012000010
Convert 101110110000000011101101 (base 2) to base 15.
11213b4
-892369 (base 15) to base 9
-13264580
Convert 404031 (base 7) to base 16.
10c0e
-4213435 (base 8) to base 2
-100010001011100011101
-40665220 (base 7) to base 10
-3411247
What is 1512123 (base 12) in base 15?
5908dc
Convert -26a962b (base 12) to base 5.
-3432020041
What is -485787 (base 9) in base 15?
-5bc1a
32341304 (base 5) to base 11
17a709
23512 (base 15) to base 12
55145
What is -361042 (base 8) in base 10?
-123426
Convert -331012201 (base 4) to base 11.
-161041
What is 62ceb7 (base 16) in base 12?
2203447
-354011055 (base 6) to base 2
-11001010001110110001011
Convert 1212100233 (base 4) to base 14.
ac90b
Convert -924639 (base 12) to base 5.
-1041220111
Convert 51341001 (base 6) to base 11.
918269
What is 886a85 (base 11) in base 9?
2585687
What is ab3abc (base 14) in base 3?
101221020102200
10102000111121 (base 3) to base 11
1027869
Convert 3212221102 (base 4) to base 5.
220212342
What is 10040030111 (base 5) in base 10?
10080031
Convert 1330994 (base 11) to base 6.
121143205
-a28878 (base 11) to base 3
-10002220102102
What is -1002310323 (base 4) in base 8?
-1026473
113300322222 (base 4) to base 15
830c69
What is -25245113 (base 6) in base 3?
-1112101222200
-1057646 (base 12) to base 10
-3102678
What is 13636540 (base 7) in base 4?
10322023102
ac2904 (base 13) to base 15
553671
-2110240 (base 5) to base 4
-20203332
-4f152a (base 16) to base 8
-23612452
Convert -24288 (base 13) to base 3.
-10101000210
What is -31040565 (base 7) in base 10?
-2598174
Convert -a2cb (base 15) to base 8.
-103127
What is 11222002112 (base 3) in base 15?
1de6e
What is -20013001233 (base 4) in base 6?
-113322143
What is -428327 (base 16) in base 3?
-22012110100122
28e16a (base 15) to base 9
3634131
What is -40870 (base 11) in base 10?
-59609
Convert 798364 (base 15) to base 14.
aad4b9
-11003010 (base 4) to base 11
-14597
Convert 6806206 (base 10) to base 12.
234293a
What is -353487 (base 9) in base 10?
-212542
What is -201c040 (base 13) in base 4?
-211002100303
What is 6d068 (base 14) in base 16?
41014
Convert -22202100121122 (base 3) to base 4.
-101233302212
What is -31014013 (base 5) in base 6?
-5214353
Convert 3714824 (base 9) to base 6.
111125421
What is a7dd6 (base 15) in base 4?
2002020021
What is -777803 (base 15) in base 12?
-1aa7b70
Convert 4797a (base 14) to base 8.
525230
Convert 6fbdb (base 16) to base 11.
292963
What is -13112203 (base 5) in base 11?
-88a61
What is 3671573 (base 8) in base 7?
11415124
What is 1256ac (base 13) in base 16?
6b8ec
13143040041 (base 5) to base 14
22646ad
What is -12210010211 (base 3) in base 14?
-2d6a7
-5686 (base 11) to base 4
-1310303
Convert 1a38 (base 11) to base 16.
a16
Convert -706943 (base 14) to base 7.
-44104213
Convert -2056163 (base 7) to base 13.
-8970b
-5006304 (base 7) to base 14
-115274
Convert -30130421 (base 5) to base 2.
-111010011101111110
779076 (base 10) to base 9
1416620
Convert 4e3a (base 16) to base 9.
30421
-22201122122202 (base 3) to base 14
-88a529
What is 63a8f (base 16) in base 9?
681853
What is -1402267 (base 8) in base 9?
-661037
-101110001001100001101 (base 2) to base 13
-40c3c6
-11120033023 (base 4) to base 10
-1409995
Convert -792893 (base 11) to base 3.
-2101011022112
412283 (base 10) to base 2
1100100101001111011
-7664520 (base 8) to base 7
-23332452
11010111010010 (base 2) to base 15
4138
Convert -587359 (base 10) to base 11.
-371323
What is 479671 (base 14) in base 16?
255363
What is -1760127 (base 8) in base 5?
-113004213
-1a9912 (base 13) to base 12
-288598
What is -1225353 (base 6) in base 10?
-66021
Convert 23227 (base 9) to base 5.
443441
What is 22da4 (base 15) in base 10?
111079
What is 1c4ef2 (base 16) in base 11?
1057942
What is -36015327 (base 8) in base 15?
-a57311
-90763 (base 13) to base 6
-5311521
-2798093 (base 10) to base 15
-3a40e8
-120220202121 (base 3) to base 2
-1001100011111010001
Convert -30410104 (base 7) to base 2.
-1001101100001100010111
What is a8975 (base 13) in base 16?
4a6a3
What is 57bea (base 16) in base 11?
22602a
2b6075 (base 12) to base 3
1101101220022
What is -1331302 (base 6) in base 10?
-74198
What is 201201120212 (base 3) in base 14?
a16c8
What is 12377 (base 14) in base 4?
22320311
What is 4b9268 (base 15) in base 3?
20211011222022
Convert 1515266 (base 7) to base 12.
9b222
Convert -6635 (base 16) to base 12.
-13185
Convert 6ba69 (base 14) to base 5.
31401413
Convert 626452 (base 7) to base 6.
2151411
What is -373257 (base 10) in base 9?
-628010
Convert -556308 (base 10) to base 9.
-1037100
-193189 (base 11) to base 4
-1020201013
1613122 (base 10) to base 12
65962a
Convert 733b1 (base 12) to base 14.
3cdc9
What is 75ac1 (base 15) in base 5?
43424211
What is 7746a8 (base 14) in base 7?
46250601
-12000206 (base 8) to base 3
-11221012010100
-34550432 (base 6) to base 3
-2000110110002
What is 320221 (base 4) in base 12?
2121
100110001001010011000011 (base 2) to base 16
9894c3
Convert 101110101001001010111000 (base 2) to base 4.
232221022320
Convert -30eda (base 15) to base 6.
-3154354
Convert 13886 (base 12) to base 15.
80b9
Convert 52262 (base 11) to base 3.
10212111101
Convert 101000221101 (base 3) to base 8.
601613
What is 255130251 (base 6) in base 12?
1813987
What is ea9f (base 16) in base 14?
17c63
What is 902800 (base 16) in base 3?
122202222102121
What is -4a36c (base 13) in base 8?
-413153
Convert -21a480 (base 13) to base 9.
-1440017
What is -5c8cd5 (base 16) in base 9?
-12364104
Convert 13450415 (base 6) to base 4.
1233232223
1387685 (base 12) to base 15
523e1e
Convert 687593 (base 11) to base 3.
2001112221110
What is -2a6b4 (base 14) in base 8?
-316206
What is 332323220 (base 4) in base 2?
111110111011101000
-3021 (base 8) to base 9
-2115
-7028925 (base 10) to base 11
-3a70a32
What is -42124060 (base 7) in base 9?
-6614084
-1222201221020 (base 3) to base 8
-4021703
What is 83075 (base 9) in base 13?
1bbc0
-414684 (base 9) to base 4
-330013123
Convert -379c0 (base 16) to base 7.
-1636033
What is -3140344101 (base 5) in base 8?
-31051465
Convert -8aad6 (base 14) to base 5.
-41240131
What is -985680 (base 10) in base 16?
-f0a50
What is -459a41 (base 12) in base 13?
-300cac
-5116602 (base 9) to base 16
-299efd
What is 20120032 (base 4) in base 16?
860e
What is 5338a5 (base 11) in base 14?
183462
What is -2